29*2. Let w = -137 + s. Suppose 0 = -5*n + 3*r + 141, 2*r + w = 4*n + 6. What is the highest common divisor of 20 and n?
10
Let q be 22818/34 - (-30)/(-6) - 4/34. Calculate the greatest common divisor of 1702 and q.
74
Let u be 12/(-18) - 84/9. Let j = u + 10. Suppose j = -5*o + 20, o + 42 = -5*p + 226. What is the greatest common factor of 4 and p?
4
Suppose 347 = 76*c + 119. Let t be (-3 - -2)/(-1)*3. Suppose c*s - t*o - 714 = -0*o, 1210 = 5*s + 5*o. What is the highest common divisor of s and 30?
30
Let g = 1146 - 1074. What is the highest common divisor of g and 9?
9
Suppose 841*u - 3756 = 847*u. Let a = u - -742. What is the greatest common factor of a and 145?
29
Let k = -545 - -616. Let f be (k + 1)*14*(-65)/(-78). What is the highest common divisor of f and 8?
8
Let t be (3 - 14 - 13)*2/(8/(-19)). What is the highest common factor of 399 and t?
57
Let k(l) = -361*l + 10. Let q be k(5). Let r be (q/(-10))/(2/(-4)). Let a = -249 - r. What is the highest common divisor of 10 and a?
10
Suppose -519 = -3*d - 2*d + c, 0 = -4*d - 3*c + 438. Calculate the greatest common divisor of 5376 and d.
21
Suppose 0 = -6*h - 246 + 30. Let f = -36 - h. Suppose f = -25*i + 24*i + 28. Calculate the greatest common factor of i and 196.
28
Suppose 5*s + 155 = 5*u, 0 = -2*u - 71*s + 70*s + 38. Let m = 218 - 57. Suppose -p - m = -2*p. What is the highest common divisor of u and p?
23
Suppose 5*c - k = 405, 5*c = -6*k + 4*k + 390. Suppose -5*j + c = -50. Let i(z) = 103*z + 1. Let x be i(1). Calculate the greatest common divisor of x and j.
26
Let r = 281 - 249. Let b(y) = y**2 + 4. Let h be b(6). What is the highest common divisor of r and h?
8
Suppose -f = -2*f + 44. Let h = -177 - -182. Let s be -9 + h + 3 - -23. Calculate the greatest common divisor of s and f.
22
Suppose -7739 = -3*a - 5*w, -4*a - 4*w = -8*w - 10340. Suppose -2*p = -3*c - a, 2510 = 5*p + 5*c - 3985. What is the greatest common divisor of p and 48?
48
Suppose -p = -4*t - 8, -50*p + t = -46*p - 107. What is the greatest common factor of 1372 and p?
28
Suppose -4*o = c + 179, 5*o - 2*c = 73 - 300. Let t = -38 + 3. Let h = t - o. Calculate the greatest common divisor of h and 4.
2
Suppose -2*z - 5*d + 68 = -2*d, 4*z = -5*d + 132. Suppose 31*y - 195 = z*y. Calculate the greatest common divisor of 10 and y.
5
Let r = -62 + 88. Let n(k) = 5 + 2 - k - 4. Let z be n(-10). What is the highest common divisor of z and r?
13
Let b be 957/(-348)*(2/(-4)*6 - 1561). Calculate the greatest common divisor of b and 187.
187
Let t(m) = -30*m + 70. Let a be t(2). What is the greatest common divisor of 4790 and a?
10
Suppose 0 = -2*s - 2 + 12. Suppose -250 = -y + 5*w, 102 - 1271 = -s*y - 2*w. Calculate the greatest common factor of y and 5.
5
Let a be (6/(-9)*21)/((-6)/33). Let n = 73 - a. Let r(b) = 4*b**2 + 11*b + 6. Let c be r(n). Calculate the greatest common divisor of c and 130.
26
Suppose -29*k - 19086 - 14178 = -106*k. Calculate the highest common factor of 84 and k.
12
Suppose y + 2 = 0, 658*y - 2402 = -5*o + 659*y. Calculate the highest common divisor of 1080 and o.
120
Suppose c = 2*w - 54, 111*w = 112*w + 3*c - 34. Let z = -100 + 191. Calculate the greatest common factor of z and w.
7
Let c = -1791 + 1801. What is the greatest common factor of c and 1570?
10
Suppose 0 = -328*l + 86499 - 14995. Calculate the greatest common divisor of l and 20492.
218
Let u(f) = f**3 - 5*f**2 + 22*f - 87. Let q be u(5). Calculate the greatest common divisor of 2507 and q.
23
Suppose 75*c + 11826 - 34989 = 104337. What is the highest common factor of 255 and c?
85
Let s(u) = -9*u**3 + u**2 - 1. Let j be s(-1). Let t be (-5)/3*(-1 + 245/(-25)). What is the highest common divisor of j and t?
9
Suppose 52 = -3*c - 50. Let p be (-4)/c - 11218/(-17). Let y be (-2)/(-7) - p/(-42). What is the highest common divisor of 64 and y?
16
Suppose 0 = -24*w + 12*w + 2931 - 375. What is the highest common divisor of 2201 and w?
71
Suppose -22*d + 1476 = 2*w - 19*d, d - 3690 = -5*w. Calculate the highest common divisor of w and 108.
18
Let x(t) = t**3 - 7*t**2 - 9*t + 8. Let f be x(8). Suppose f = 92*w - 84*w - 960. Calculate the greatest common divisor of w and 96.
24
Let p = 2484 + -2469. What is the greatest common factor of 205 and p?
5
Suppose -4*t - 7 = n + 2*n, -4*t = -2*n + 22. Let k = 10 + t. Let w = 438 - 420. Calculate the highest common divisor of k and w.
6
Let d(t) be the first derivative of 4*t**3 - 23 + 0*t**2 - 1/4*t**4 + 7*t. Let n be d(12). What is the greatest common factor of n and 63?
7
Suppose -3*h = 2*f - 19101, 3*f - 5*f - 2*h + 19102 = 0. What is the highest common divisor of 48 and f?
48
Let o = -1397 - -1411. Suppose -2*v = 6, 127 = 3*s + 5*v + 1. Suppose 3*r + 5*a - s = 0, -5*a + 74 = 5*r - a. What is the highest common divisor of r and o?
14
Let h(t) = 6*t**2 - 260*t - 447. Let m be h(45). Calculate the highest common divisor of m and 29.
1
Suppose -36*s - 6624 = -84*s. Calculate the highest common factor of 318 and s.
6
Let n(b) = 6*b + 22*b - 69 - 31*b + 16*b. Let s be n(7). Calculate the highest common divisor of 10 and s.
2
Let q = 403 + 184. Let u = q + -585. Calculate the greatest common divisor of 158 and u.
2
Let i = -259 + 262. Let j(n) = -8*n + 38. Let h be j(i). Suppose 9*y - 104 = 4*y - c, -3*c - 24 = -y. Calculate the highest common divisor of y and h.
7
Let g = -148 - -158. Suppose -343 = -g*n - 73. Calculate the greatest common divisor of 18 and n.
9
Let i = 112 + -101. Let b(q) = 2*q + 44. Let j be b(i). Let v = -65 + j. Calculate the highest common factor of 11 and v.
1
Suppose 4*o = -f + 3221, 0 = -4*f - 12*o + 6*o + 12834. Calculate the greatest common divisor of f and 2619.
291
Let v = 13 - 6. Let j(n) = n**3 - 34*n**2 - 23*n - 70. Let c be j(35). Suppose 0 = -68*t + 78*t - c. Calculate the greatest common divisor of v and t.
7
Suppose 0 = -2*a + 4*o + 8, 4*o - 5 = -5*a - 13. Suppose a = -15*s - 8*s + 6325. What is the greatest common divisor of 50 and s?
25
Suppose -19*s = -14*s + 390. Let l be (s/(-8))/(18/72). What is the greatest common divisor of 26 and l?
13
Suppose -33*r + 30*r + 4*d = 396, 0 = -5*d. Let n = r + 884. Calculate the highest common divisor of n and 47.
47
Let z(c) = 5*c + 55. Suppose -4*p - 43 - 9 = 0. Let o be z(p). Let g be (4 - o) + 2 + 0. Calculate the highest common factor of 72 and g.
8
Suppose 2*j + 2*f - 1302 = 0, j + 267*f = 270*f + 675. Calculate the highest common factor of j and 3723.
219
Let o = -189 - -194. Suppose -4*f + 10 = 5*q, -2*f = -4*f. Suppose -w = 2*i + q*w - 483, o*i - 1199 = w. What is the highest common factor of 30 and i?
30
Let y be 33/(6897/291992) + 2/(-22). What is the greatest common factor of 11 and y?
11
Let r = -937 - -949. Let y be (6/9)/(4/642). Let s be y/3 + 3/9. Calculate the greatest common factor of s and r.
12
Let n = 288 + -176. Let h = -222 + 226. Suppose 5*k - 3*l - 70 = -2*l, 5*k - 70 = h*l. What is the highest common factor of n and k?
14
Suppose 2*b - 43 = 25 - 6. Calculate the highest common divisor of b and 217.
31
Let q be (6 + -136)*1/(1*-2). Let a(r) = r**2 + 5*r - 10. Let n be a(4). What is the highest common factor of q and n?
13
Suppose y + 3*b = 152, -43*b - 152 = -y - 38*b. Calculate the highest common divisor of y and 513.
19
Let a(f) = -5*f + 43. Let i be a(7). Let h be i/(-52) - (-119)/13. What is the highest common divisor of 72 and h?
9
Let g = -4504 + 4612. Calculate the greatest common divisor of g and 3.
3
Let s(g) = -3*g + 11. Let t be s(-7). Let f be (6 - (-117)/(-13)) + 227. Calculate the highest common factor of f and t.
32
Let z(v) be the first derivative of 29*v**2 - 261*v - 165. Let h be z(11). Calculate the greatest common factor of h and 116.
29
Suppose -16*r + 15*r = 2*m - 265, m - 127 = 5*r. What is the highest common factor of m and 19668?
132
Let a = 3576 - 3483. What is the greatest common factor of a and 1333?
31
Let h be 355/(-20) + (42/(-8))/(-7). Let p(s) = s + 68. Let n be p(h). Calculate the greatest common factor of n and 561.
51
Let q be 12/(-18)*(2 + 6 + -2). Let f be (-704)/(-40) - q/10. Let n = 4 + f. Calculate the highest common divisor of 132 and n.
22
Suppose -3*d = 1 - 19. Let a(f) = 15*f - 15. Let r(b) = -b**3 + 3*b**2 - b + 1. Let n be r(2). Let h be a(n). Calcula